).
7
Let v(a) = -a**3 - 6*a**2 - 3*a + 10. What is v(-5)?
0
Let w(x) = x**2 + 28*x + 207. Calculate w(-16).
15
Let z(g) = 5*g**2 - g + 2. What is z(1)?
6
Let x(y) = -y**2 + 2*y + 8. Calculate x(6).
-16
Let i(b) = -6*b - 4. Calculate i(-4).
20
Let c(n) = n**2 - 13*n + 25. Give c(8).
-15
Let q(k) = -k**2 + 12*k + 9. Calculate q(11).
20
Let s(p) = p - 2. Determine s(-6).
-8
Let y(v) = 5*v**2 + 8*v + 5. Calculate y(-3).
26
Let i(h) = -h**2 - 4*h + 13. Determine i(-7).
-8
Let l(p) = -p**3 - 12*p**2 - 13*p - 10. Determine l(-11).
12
Let y(t) = t**3 + 13*t**2 + t + 5. Give y(-13).
-8
Let a(g) = -40*g + 283. Give a(7).
3
Let u(b) = -27*b - 25. Determine u(-1).
2
Let w(a) = -a**2 - 21*a - 78. What is w(-17)?
-10
Let n(j) = j**3 + 9*j**2 + 2*j - 8. Calculate n(-8).
40
Let q(m) = 3*m - 29. Calculate q(7).
-8
Let l(q) = -q**3 + 9*q**2 + 10*q + 1. What is l(10)?
1
Let s(m) = m**2 - 9*m - 5. What is s(11)?
17
Let x(l) = -l**2 + 8*l - 9. Calculate x(5).
6
Let b(y) = 8*y - 142. Determine b(17).
-6
Let f(t) = 5*t**3 + 5*t**2 + 9*t + 16. Calculate f(-2).
-22
Let o(p) = -2*p - 9. Give o(-9).
9
Let b(f) = 20*f. Give b(-4).
-80
Let m(g) = -6*g + 2. Calculate m(3).
-16
Let a(x) = -x**3 + 10*x**2 - 10*x - 13. Calculate a(9).
-22
Let j(m) = 11*m - 1. Determine j(-1).
-12
Let w(h) = 2*h**3 + 40*h**2 - h - 6. Determine w(-20).
14
Let d(u) = 21*u - 190. Give d(8).
-22
Let f(v) = 5*v**2 - 27*v - 92. Determine f(-3).
34
Let n(g) = -6*g**3 - 21*g**2 - 23*g - 2. Determine n(-1).
6
Let w(j) = j**2 + 7*j + 11. Calculate w(-4).
-1
Let h(r) = 4*r + 28. Calculate h(-6).
4
Let x(u) = 18*u + 52. Determine x(-3).
-2
Let d(l) = -4*l + 21. Calculate d(6).
-3
Let w(q) = -19*q - 173. Calculate w(-7).
-40
Let l(g) = 2*g - 5. Give l(8).
11
Let i(g) = -g**3 + 6*g**2 + g + 3. Calculate i(5).
33
Let n(h) = 14*h**2 + 71*h + 7. Give n(-5).
2
Let c(x) = x**2 + 33*x + 267. Give c(-19).
1
Let s(y) = 4*y - 2. Determine s(7).
26
Let d(o) = 54*o + 51. Give d(-1).
-3
Let f(r) = 10*r + 50. Give f(-5).
0
Let b(p) = p**2 + 5*p - 6. Give b(-7).
8
Let f(h) = 45*h - 147. Calculate f(3).
-12
Let c(g) = -2*g + 20. Give c(-20).
60
Let r(v) = v**2 - 10*v + 9. Give r(7).
-12
Let v(k) = -k**3 + 5*k**2 - 4*k + 1. Give v(4).
1
Let c(h) = -10*h - 4. Calculate c(-2).
16
Let y(z) = -z**2 + 6*z + 7. Give y(6).
7
Let n(d) = 2*d**2 + 60*d + 52. Determine n(-29).
-6
Let q(p) = p**3 + 22*p**2 - 2*p - 57. Determine q(-22).
-13
Let n(i) = i**2 - i - 1. Determine n(3).
5
Let s(l) = l - 6. Determine s(10).
4
Let d(t) = t**2 - 9*t + 6. What is d(9)?
6
Let p(q) = 7*q**2 - 46*q + 9. What is p(7)?
30
Let v(u) = -u**2 + 16*u - 12. Give v(14).
16
Let c(w) = w**3 + 29*w**2 + 2*w - 13. What is c(-29)?
-71
Let o(v) = v**3 - 2*v**2 - 4*v + 1. Give o(-5).
-154
Let o(h) = h**3 - 3*h**2 - 5*h + 5. What is o(5)?
30
Let o(v) = -v**3 - v**2 + 53. Give o(0).
53
Let k(s) = -s**3 - 8*s**2 + 6*s - 6. What is k(-9)?
21
Let b(o) = -13*o + 1. Give b(-1).
14
Let n(q) = q**3 - 8*q**2 + 2*q + 27. Calculate n(7).
-8
Let a(q) = 22*q**2 - q. Give a(1).
21
Let z(y) = -32*y + 10. Calculate z(1).
-22
Let y(b) = -3*b**2 + 2*b - 3. Determine y(4).
-43
Let v(w) = -7*w**3 + 2*w - 1. What is v(1)?
-6
Let a(x) = x**2 - x - 50. Determine a(-5).
-20
Let b(u) = -3*u - 96. What is b(-19)?
-39
Let v(a) = -14*a + 16. Give v(3).
-26
Let l(x) = x**2 - 12*x - 134. What is l(-7)?
-1
Let q(v) = 2*v**3 + 26*v**2 - 4*v - 17. Calculate q(-13).
35
Let n(t) = -10*t**2 - 47*t - 48. What is n(-1)?
-11
Let d(a) = -a**3 - 8*a**2 - 9*a + 13. Determine d(-6).
-5
Let i(h) = -h**2 - 14*h - 2. Determine i(-12).
22
Let o(h) = -24*h - 9. Determine o(0).
-9
Let d(m) = -102*m**3 + 3*m + 2. Calculate d(-1).
101
Let j(q) = -4*q**2 - 3*q - 4. Calculate j(-3).
-31
Let i(t) = -t**2 - 6*t. Determine i(-4).
8
Let f(j) = j**3 - 6*j**2 + 7*j - 3. Give f(3).
-9
Let r(o) = -9*o**2 - 58*o + 39. Determine r(-7).
4
Let i(z) = -2*z - 1. Give i(-8).
15
Let o(c) = -2*c - 10. What is o(2)?
-14
Let h(t) = -4*t - 18. Calculate h(-4).
-2
Let r(a) = -a**2 + 7*a + 14. What is r(8)?
6
Let u(x) = x**2 - 2*x - 3. Give u(4).
5
Let j(s) = -s**3 + 55*s**2 - 95*s - 582. Determine j(53).
1
Let j(w) = -w**2 + 17*w - 6. Determine j(18).
-24
Let a(t) = 3*t - 20. Determine a(8).
4
Let i(q) = 2*q - 18. Calculate i(6).
-6
Let f(j) = j**2 - 7*j - 7. What is f(6)?
-13
Let u(o) = 11*o - 215. Give u(19).
-6
Let c(s) = -9*s - 59. Give c(-14).
67
Let d(w) = 21*w + 33. What is d(2)?
75
Let q(r) = 4*r**2 - 2*r - 3. Determine q(-1).
3
Let k(q) = 6*q + 23. What is k(-7)?
-19
Let n(b) = 2*b + 3. What is n(4)?
11
Let c(o) = o**3 + 5*o**2 + 3*o. What is c(-3)?
9
Let y(v) = 2*v. Determine y(-5).
-10
Let f(h) = h**3 + 3*h**2 + 3*h + 12. Calculate f(-4).
-16
Let b(t) = 7*t**2 - 40*t - 6. What is b(6)?
6
Let i(g) = 27*g - 10. Determine i(-4).
-118
Let p(q) = -7*q**2 + 2. Calculate p(2).
-26
Let o(k) = 2*k**3 + 12*k**2 - 2. What is o(-6)?
-2
Let z(r) = r**2 + 26*r - 360. What is z(10)?
0
Let y(v) = -v**3 - 5*v**2 + v - 6. Determine y(-4).
-26
Let u(c) = 6*c - 10. Determine u(6).
26
Let t(o) = -o**3 - 9*o**2 - 2*o - 6. Calculate t(-6).
-102
Let x(r) = -31*r**2 - 3*r + 1. Calculate x(1).
-33
Let x(r) = 3*r**3 + 2*r**2 + 2*r - 1. What is x(-2)?
-21
Let l(d) = 2*d + 31. Give l(-13).
5
Let f(j) = j**2 + 27*j + 39. Calculate f(-25).
-11
Let c(u) = u**2 + 2*u - 1. Determine c(-3).
2
Let w(j) = j**3 - 4*j**2 + 4*j - 6. Give w(4).
10
Let q(k) = -8*k**3 + k**2 + k + 1. Determine q(-1).
9
Let t(m) = 5*m**2 + m + 2. What is t(2)?
24
Let t(s) = 4*s**2 - 6*s + 2. Calculate t(2).
6
Let w(b) = -b**2 - 12*b - 6. Determine w(-10).
14
Let a(s) = 5*s + 10. Calculate a(-7).
-25
Let q(s) = s**3 - 6*s**2 + 5*s - 9. Determine q(6).
21
Let b(u) = u + 6. Calculate b(16).
22
Let w(v) = -v**3 - 3*v**2 + 3*v - 9. Determine w(-5).
26
Let g(v) = -24*v + 81. Calculate g(7).
-87
Let b(t) = t**3 + 7*t**2 + 11*t + 34. Calculate b(-6).
4
Let y(o) = -21*o - 23. What is y(7)?
-170
Let p(b) = b**3 - 5*b**2 + 4. Calculate p(6).
40
Let y(h) = h**2 + 2*h + 2. Determine y(3).
17
Let i(b) = 37*b**2 - b. Calculate i(-1).
38
Let x(f) = -5*f - 81. Calculate x(-20).
19
Let l(x) = -7*x + 44. Calculate l(7).
-5
Let y(c) = 12*c + 190. What is y(-16)?
-2
Let j(u) = -u**3 - 24*u**2 + 23*u - 22. What is j(-25)?
28
Let g(r) = r + 26. Calculate g(0).
26
Let y(w) = -17*w - 530. Give y(-32).
14
Let m(g) = g + 8. Give m(-12).
-4
Let t(x) = -2*x - 14. Calculate t(-6).
-2
Let n(j) = -2*j**2 - 13*j - 3. Calculate n(-6).
3
Let r(a) = -a**3 + 31*a**2 - 28*a - 56. Give r(30).
4
Let i(k) = 9*k - 10. Determine i(-5).
-55
Let t(f) = f + 21. What is t(8)?
29
Let x(p) = -p**2 - 21*p + 28. Give x(-17).
96
Let z(t) = -17*t + 44. What is z(9)?
-109
Let p(g) = -5*g + 5. Give p(6).
-25
Let d(f) = -7*f + 3. Calculate d(-2).
17
Let m(l) = l**3 + 10*l**2 - 24*l + 5. Give m(-12).
5
Let a(g) = g**3 + 20*g**2 - 21*g - 1. What is a(-21)?
-1
Let g(q) = -q**3 - 18*q**2 - 3*q - 26. Calculate g(-18).
28
Let y(o) = o + 25. Give y(-16).
9
Let l(b) = -b**2 + 14*b - 2. Give l(13).
11
Let h(s) = s**3 - 11*s**2 - 14*s + 12. Determine h(12).
-12
Let i(g) = g**2 - 16*g + 29. Determine i(13).
-10
Let s(p) = 2*p**2 + 4*p - 25. Determine s(5).
45
Let t(x) = x**3 + 7*x**2 - 8*x - 12. Give t(-8).
-12
Let o(n) = -11*n + 42. Calculate o(5).
-13
Let t(u) = -3*u**2 + 2*u + 5. What is t(-3)?
-28
Let t(d) = d**2 - 11*d + 8. Determine t(12).
20
Let k(v) = -v**2 - 19*v - 25. Give k(-20).
-45
Let v(n) = -42*n - 170. Determine v(-4).
-2
Let q(v) = 2*v**3 - v + 1. Give q(-2).
-13
Let m(r) = -2*r**2 + 1. Calculate m(2).
-7
Let z(a) = -45*a - 405. Calculate z(-9).
0
Let v(d) = 7*d + 131. Determine v(-17).
12
Let h(w) = -w**3 - 4*w**2 - 5*w - 2. Determine h(-4).
18
Let y(x) = -x**3 + 8*x**2 + 11*x. Calculate y(8).
88
Let j(v) = 3*v - 24. Determine j(6).
-6
Let s(a) = -18*a + 5. Give s(-1).
23
Let l(s) = -8*s - 15. Determine l(0).
-15
Let g(i) = -i**3 - i - 24. Give g(0).
-24
Let r(a) = a**3. What is r(3)?
27
Let d(y) = 2*y**2 - 12*y + 63. Determine d(6).
63
Let j(p) = 36*p**3 + 2*p**2 + 8*p + 7. Give j(-1).
-35
Let s(m) = -2*m - 9. What is s(-13)?
17
Let t(o) = -o**3 + 2*o**2 - o - 2. What is t(3)?
-14
Let p(n) = -6*n**2 - 30*n + 52. What is p(-6)?
16
Let v(n) = 4*n + 2. Give v(-4).
-14
Let s(t) = 2*t**3 + 45*t**2 + 16*t - 138. What is s(-22)?
-6
Let